{"id":11,"date":"2017-09-27T23:36:48","date_gmt":"2017-09-27T21:36:48","guid":{"rendered":"http:\/\/mein-mathematiktest.de\/?page_id=11"},"modified":"2019-08-24T20:54:12","modified_gmt":"2019-08-24T18:54:12","slug":"einzelauswertung","status":"publish","type":"page","link":"https:\/\/mein-mathematiktest.de\/?page_id=11","title":{"rendered":"Einzelauswertung"},"content":{"rendered":"\t\t<div data-elementor-type=\"wp-post\" data-elementor-id=\"11\" class=\"elementor elementor-11\">\n\t\t\t\t\t\t<div class=\"elementor-inner\">\n\t\t\t\t<div class=\"elementor-section-wrap\">\n\t\t\t\t\t\t\t\t\t<section class=\"elementor-section elementor-top-section elementor-element elementor-element-c717020 elementor-section-boxed elementor-section-height-default elementor-section-height-default\" data-id=\"c717020\" data-element_type=\"section\">\n\t\t\t\t\t\t<div class=\"elementor-container elementor-column-gap-default\">\n\t\t\t\t\t\t\t<div class=\"elementor-row\">\n\t\t\t\t\t<div class=\"elementor-column elementor-col-100 elementor-top-column elementor-element elementor-element-66bf5e4\" data-id=\"66bf5e4\" data-element_type=\"column\">\n\t\t\t<div class=\"elementor-column-wrap elementor-element-populated\">\n\t\t\t\t\t\t\t<div class=\"elementor-widget-wrap\">\n\t\t\t\t\t\t<div class=\"elementor-element elementor-element-26431b0 elementor-widget elementor-widget-spacer\" data-id=\"26431b0\" data-element_type=\"widget\" data-widget_type=\"spacer.default\">\n\t\t\t\t<div class=\"elementor-widget-container\">\n\t\t\t\t\t<div class=\"elementor-spacer\">\n\t\t\t<div class=\"elementor-spacer-inner\"><\/div>\n\t\t<\/div>\n\t\t\t\t<\/div>\n\t\t\t\t<\/div>\n\t\t\t\t\t\t<\/div>\n\t\t\t\t\t<\/div>\n\t\t<\/div>\n\t\t\t\t\t\t\t\t<\/div>\n\t\t\t\t\t<\/div>\n\t\t<\/section>\n\t\t\t\t<section class=\"elementor-section elementor-top-section elementor-element elementor-element-1f5d770 elementor-section-boxed elementor-section-height-default elementor-section-height-default\" data-id=\"1f5d770\" data-element_type=\"section\">\n\t\t\t\t\t\t<div class=\"elementor-container elementor-column-gap-default\">\n\t\t\t\t\t\t\t<div class=\"elementor-row\">\n\t\t\t\t\t<div class=\"elementor-column elementor-col-100 elementor-top-column elementor-element elementor-element-80428d3\" data-id=\"80428d3\" data-element_type=\"column\">\n\t\t\t<div class=\"elementor-column-wrap elementor-element-populated\">\n\t\t\t\t\t\t\t<div class=\"elementor-widget-wrap\">\n\t\t\t\t\t\t<div class=\"elementor-element elementor-element-a878897 elementor-widget elementor-widget-text-editor\" data-id=\"a878897\" data-element_type=\"widget\" data-widget_type=\"text-editor.default\">\n\t\t\t\t<div class=\"elementor-widget-container\">\n\t\t\t\t\t\t\t\t<div class=\"elementor-text-editor elementor-clearfix\">\n\t\t\t\t<p>Die wichtigsten Informationen zur <em>Einzelauswertung<\/em> werden in diesem\u00a0<a href=\"http:\/\/wtm-verlag.de\/mathe_meistern_infovideo\/Testauswertung.mp4\"><strong>Video<\/strong><\/a> erkl\u00e4rt.<\/p>\t\t\t\t\t<\/div>\n\t\t\t\t\t\t<\/div>\n\t\t\t\t<\/div>\n\t\t\t\t\t\t<\/div>\n\t\t\t\t\t<\/div>\n\t\t<\/div>\n\t\t\t\t\t\t\t\t<\/div>\n\t\t\t\t\t<\/div>\n\t\t<\/section>\n\t\t\t\t<section class=\"elementor-section elementor-top-section elementor-element elementor-element-7f8522b elementor-section-boxed elementor-section-height-default elementor-section-height-default\" data-id=\"7f8522b\" data-element_type=\"section\">\n\t\t\t\t\t\t<div class=\"elementor-container elementor-column-gap-default\">\n\t\t\t\t\t\t\t<div class=\"elementor-row\">\n\t\t\t\t\t<div class=\"elementor-column elementor-col-100 elementor-top-column elementor-element elementor-element-4625f79\" data-id=\"4625f79\" data-element_type=\"column\">\n\t\t\t<div class=\"elementor-column-wrap elementor-element-populated\">\n\t\t\t\t\t\t\t<div class=\"elementor-widget-wrap\">\n\t\t\t\t\t\t<div class=\"elementor-element elementor-element-9b200b3 elementor-widget elementor-widget-text-editor\" data-id=\"9b200b3\" data-element_type=\"widget\" data-widget_type=\"text-editor.default\">\n\t\t\t\t<div class=\"elementor-widget-container\">\n\t\t\t\t\t\t\t\t<div class=\"elementor-text-editor elementor-clearfix\">\n\t\t\t\t<p>Wenn Sie alle Aufgaben bearbeitet haben, gelangen Sie zur <i>Testauswertung<\/i>.\u00a0<\/p><p>Unter <strong>Testergebnis<\/strong> sehen Sie f\u00fcr jede Aufgabe, ob sie richtig oder falsch gel\u00f6st wurde. Wenn Sie auf den <em><b>Button Aufgabe<\/b> <\/em>klicken, wird diese mit der getroffenen Antwortauswahl angezeigt. Wenn Sie einen berufsbezogenen Test im System mathe4job gemacht haben, finden Sie hinter dem <i><b>Button Info <\/b><\/i>ein Dokument, das Ihnen zeigt, wo Sie die im Test abgerpf\u00fcten F\u00e4higkeiten in Ihrer Ausbildung oder sp\u00e4ter im Beruf ben\u00f6tige<i><b>n.<\/b><b> Hinter dem Button L\u00f6sung<\/b><\/i> liegt die L\u00f6sung der Aufgabe (nicht in allen Tests aktiviert).<i><b><br \/><\/b><\/i><\/p><p>Die <strong>Defizitanalyse<\/strong> bietet eine schnelle \u00dcbersicht \u00fcber die Inhaltsbereiche und Kompetenzen. Ab 50% der Punkte ist die &#8222;Ampel&#8220; gelb, ab 80% der Punkte gr\u00fcn.F\u00fcr jeden Fehler enth\u00e4lt das System einen erkl\u00e4renden Text. Dieser kann in der <strong>Fehleranalyse<\/strong> eingesehen werde.<\/p><p><b>Wenn Sie die Minibilder anklicken, werden sie vergr\u00f6\u00dfert.<\/b><\/p><table><tbody><tr><td width=\"91\"><figure style=\"width: 150px\" class=\"wp-caption alignright\"><a href=\"http:\/\/mein-mathematiktest.de\/wp-content\/uploads\/2019\/08\/Testergebnis.png\"><img loading=\"lazy\" decoding=\"async\" src=\"http:\/\/mein-mathematiktest.de\/wp-content\/uploads\/2019\/08\/Testergebnis-150x150.png\" alt=\"\" width=\"150\" height=\"150\" \/><\/a><figcaption class=\"wp-caption-text\"><strong>Testergebnis<\/strong><\/figcaption><\/figure><\/td><td width=\"91\"><figure id=\"attachment_403\" aria-describedby=\"caption-attachment-403\" style=\"width: 150px\" class=\"wp-caption alignleft\"><a href=\"http:\/\/mein-mathematiktest.de\/wp-content\/uploads\/2019\/08\/Gewaehlte_Antwort.jpg\"><img loading=\"lazy\" decoding=\"async\" src=\"http:\/\/mein-mathematiktest.de\/wp-content\/uploads\/2019\/08\/Gewaehlte_Antwort-150x150.jpg\" alt=\"\" width=\"150\" height=\"150\" \/><\/a><figcaption id=\"caption-attachment-403\" class=\"wp-caption-text\"><strong>Button &#8222;Aufgabe&#8220;<\/strong><\/figcaption><\/figure><\/td><td width=\"91\"><figure id=\"attachment_402\" aria-describedby=\"caption-attachment-402\" style=\"width: 150px\" class=\"wp-caption alignnone\"><a href=\"http:\/\/mein-mathematiktest.de\/wp-content\/uploads\/2019\/08\/Defizitanalyse.png\"><img loading=\"lazy\" decoding=\"async\" src=\"http:\/\/mein-mathematiktest.de\/wp-content\/uploads\/2019\/08\/Defizitanalyse-150x150.png\" alt=\"\" width=\"150\" height=\"150\" \/><\/a><figcaption id=\"caption-attachment-402\" class=\"wp-caption-text\"><strong>Defizitanalyse<\/strong><\/figcaption><\/figure><\/td><td width=\"91\"><figure id=\"attachment_404\" aria-describedby=\"caption-attachment-404\" style=\"width: 150px\" class=\"wp-caption alignnone\"><a href=\"http:\/\/mein-mathematiktest.de\/wp-content\/uploads\/2019\/08\/Fehleranalyse.jpg\"><img loading=\"lazy\" decoding=\"async\" src=\"http:\/\/mein-mathematiktest.de\/wp-content\/uploads\/2019\/08\/Fehleranalyse-150x150.jpg\" alt=\"\" width=\"150\" height=\"150\" data-mce-fragment=\"1\" \/><\/a><figcaption id=\"caption-attachment-404\" class=\"wp-caption-text\"><strong>Fehleranalyse<\/strong><\/figcaption><\/figure><\/td><td width=\"91\">\u00a0<\/td><\/tr><\/tbody><\/table>\t\t\t\t\t<\/div>\n\t\t\t\t\t\t<\/div>\n\t\t\t\t<\/div>\n\t\t\t\t\t\t<\/div>\n\t\t\t\t\t<\/div>\n\t\t<\/div>\n\t\t\t\t\t\t\t\t<\/div>\n\t\t\t\t\t<\/div>\n\t\t<\/section>\n\t\t\t\t<section class=\"elementor-section elementor-top-section elementor-element elementor-element-e16b429 elementor-section-boxed elementor-section-height-default elementor-section-height-default\" data-id=\"e16b429\" data-element_type=\"section\">\n\t\t\t\t\t\t<div class=\"elementor-container elementor-column-gap-default\">\n\t\t\t\t\t\t\t<div class=\"elementor-row\">\n\t\t\t\t\t<div class=\"elementor-column elementor-col-100 elementor-top-column elementor-element elementor-element-9500106\" data-id=\"9500106\" data-element_type=\"column\">\n\t\t\t<div class=\"elementor-column-wrap elementor-element-populated\">\n\t\t\t\t\t\t\t<div class=\"elementor-widget-wrap\">\n\t\t\t\t\t\t<div class=\"elementor-element elementor-element-500b58b elementor-widget elementor-widget-spacer\" data-id=\"500b58b\" data-element_type=\"widget\" data-widget_type=\"spacer.default\">\n\t\t\t\t<div class=\"elementor-widget-container\">\n\t\t\t\t\t<div class=\"elementor-spacer\">\n\t\t\t<div class=\"elementor-spacer-inner\"><\/div>\n\t\t<\/div>\n\t\t\t\t<\/div>\n\t\t\t\t<\/div>\n\t\t\t\t\t\t<\/div>\n\t\t\t\t\t<\/div>\n\t\t<\/div>\n\t\t\t\t\t\t\t\t<\/div>\n\t\t\t\t\t<\/div>\n\t\t<\/section>\n\t\t\t\t\t\t\t\t\t<\/div>\n\t\t\t<\/div>\n\t\t\t\t\t<\/div>\n\t\t","protected":false},"excerpt":{"rendered":"<p>Die wichtigsten Informationen zur Einzelauswertung werden in diesem&nbsp;Video erkl\u00e4rt. Wenn Sie alle Aufgaben bearbeitet haben, gelangen Sie zur Testauswertung.&nbsp; Unter Testergebnis sehen Sie f\u00fcr jede Aufgabe, ob sie richtig oder falsch gel\u00f6st wurde. Wenn Sie auf den Button Aufgabe klicken, wird diese mit der getroffenen Antwortauswahl angezeigt. Wenn Sie einen berufsbezogenen Test im System mathe4job [&hellip;]<\/p>\n","protected":false},"author":2,"featured_media":0,"parent":0,"menu_order":6,"comment_status":"closed","ping_status":"closed","template":"","meta":{"footnotes":""},"class_list":["post-11","page","type-page","status-publish","hentry","entry"],"_links":{"self":[{"href":"https:\/\/mein-mathematiktest.de\/index.php?rest_route=\/wp\/v2\/pages\/11","targetHints":{"allow":["GET"]}}],"collection":[{"href":"https:\/\/mein-mathematiktest.de\/index.php?rest_route=\/wp\/v2\/pages"}],"about":[{"href":"https:\/\/mein-mathematiktest.de\/index.php?rest_route=\/wp\/v2\/types\/page"}],"author":[{"embeddable":true,"href":"https:\/\/mein-mathematiktest.de\/index.php?rest_route=\/wp\/v2\/users\/2"}],"replies":[{"embeddable":true,"href":"https:\/\/mein-mathematiktest.de\/index.php?rest_route=%2Fwp%2Fv2%2Fcomments&post=11"}],"version-history":[{"count":31,"href":"https:\/\/mein-mathematiktest.de\/index.php?rest_route=\/wp\/v2\/pages\/11\/revisions"}],"predecessor-version":[{"id":414,"href":"https:\/\/mein-mathematiktest.de\/index.php?rest_route=\/wp\/v2\/pages\/11\/revisions\/414"}],"wp:attachment":[{"href":"https:\/\/mein-mathematiktest.de\/index.php?rest_route=%2Fwp%2Fv2%2Fmedia&parent=11"}],"curies":[{"name":"wp","href":"https:\/\/api.w.org\/{rel}","templated":true}]}}