{"id":2,"date":"2017-07-05T09:00:11","date_gmt":"2017-07-05T07:00:11","guid":{"rendered":"http:\/\/mein-mathematiktest.de\/?page_id=2"},"modified":"2019-08-18T19:59:58","modified_gmt":"2019-08-18T17:59:58","slug":"beispiel-seite","status":"publish","type":"page","link":"https:\/\/mein-mathematiktest.de\/","title":{"rendered":"mathe-meistern und mathe4job"},"content":{"rendered":"\t\t<div data-elementor-type=\"wp-post\" data-elementor-id=\"2\" class=\"elementor elementor-2\">\n\t\t\t\t\t\t<div class=\"elementor-inner\">\n\t\t\t\t<div class=\"elementor-section-wrap\">\n\t\t\t\t\t\t\t\t\t<section class=\"elementor-section elementor-top-section elementor-element elementor-element-2a3b94e elementor-section-boxed elementor-section-height-default elementor-section-height-default\" data-id=\"2a3b94e\" data-element_type=\"section\">\n\t\t\t\t\t\t<div class=\"elementor-container elementor-column-gap-default\">\n\t\t\t\t\t\t\t<div class=\"elementor-row\">\n\t\t\t\t\t<div class=\"elementor-column elementor-col-100 elementor-top-column elementor-element elementor-element-ee4aa8c\" data-id=\"ee4aa8c\" data-element_type=\"column\">\n\t\t\t<div class=\"elementor-column-wrap elementor-element-populated\">\n\t\t\t\t\t\t\t<div class=\"elementor-widget-wrap\">\n\t\t\t\t\t\t<div class=\"elementor-element elementor-element-8d7c6e5 elementor-widget elementor-widget-heading\" data-id=\"8d7c6e5\" data-element_type=\"widget\" data-widget_type=\"heading.default\">\n\t\t\t\t<div class=\"elementor-widget-container\">\n\t\t\t<h2 class=\"elementor-heading-title elementor-size-default\">mathe-meistern und mathe4job<\/h2>\t\t<\/div>\n\t\t\t\t<\/div>\n\t\t\t\t\t\t<\/div>\n\t\t\t\t\t<\/div>\n\t\t<\/div>\n\t\t\t\t\t\t\t\t<\/div>\n\t\t\t\t\t<\/div>\n\t\t<\/section>\n\t\t\t\t<section class=\"elementor-section elementor-top-section elementor-element elementor-element-5c6ba81 elementor-section-full_width elementor-section-height-default elementor-section-height-default\" data-id=\"5c6ba81\" data-element_type=\"section\">\n\t\t\t\t\t\t<div class=\"elementor-container elementor-column-gap-no\">\n\t\t\t\t\t\t\t<div class=\"elementor-row\">\n\t\t\t\t\t<div class=\"elementor-column elementor-col-100 elementor-top-column elementor-element elementor-element-9d7ecdc\" data-id=\"9d7ecdc\" data-element_type=\"column\">\n\t\t\t<div class=\"elementor-column-wrap elementor-element-populated\">\n\t\t\t\t\t\t\t<div class=\"elementor-widget-wrap\">\n\t\t\t\t\t\t<div class=\"elementor-element elementor-element-0aaca66 elementor-widget elementor-widget-spacer\" data-id=\"0aaca66\" data-element_type=\"widget\" data-widget_type=\"spacer.default\">\n\t\t\t\t<div class=\"elementor-widget-container\">\n\t\t\t\t\t<div class=\"elementor-spacer\">\n\t\t\t<div class=\"elementor-spacer-inner\"><\/div>\n\t\t<\/div>\n\t\t\t\t<\/div>\n\t\t\t\t<\/div>\n\t\t\t\t\t\t<\/div>\n\t\t\t\t\t<\/div>\n\t\t<\/div>\n\t\t\t\t\t\t\t\t<\/div>\n\t\t\t\t\t<\/div>\n\t\t<\/section>\n\t\t\t\t<section class=\"elementor-section elementor-top-section elementor-element elementor-element-f52f338 elementor-section-boxed elementor-section-height-default elementor-section-height-default\" data-id=\"f52f338\" data-element_type=\"section\">\n\t\t\t\t\t\t<div class=\"elementor-container elementor-column-gap-default\">\n\t\t\t\t\t\t\t<div class=\"elementor-row\">\n\t\t\t\t\t<div class=\"elementor-column elementor-col-100 elementor-top-column elementor-element elementor-element-d3ff60c\" data-id=\"d3ff60c\" data-element_type=\"column\">\n\t\t\t<div class=\"elementor-column-wrap elementor-element-populated\">\n\t\t\t\t\t\t\t<div class=\"elementor-widget-wrap\">\n\t\t\t\t\t\t<section class=\"elementor-section elementor-inner-section elementor-element elementor-element-a71ef17 elementor-section-boxed elementor-section-height-default elementor-section-height-default\" data-id=\"a71ef17\" data-element_type=\"section\">\n\t\t\t\t\t\t<div class=\"elementor-container elementor-column-gap-default\">\n\t\t\t\t\t\t\t<div class=\"elementor-row\">\n\t\t\t\t\t<div class=\"elementor-column elementor-col-50 elementor-inner-column elementor-element elementor-element-dbd3c33\" data-id=\"dbd3c33\" data-element_type=\"column\">\n\t\t\t<div class=\"elementor-column-wrap elementor-element-populated\">\n\t\t\t\t\t\t\t<div class=\"elementor-widget-wrap\">\n\t\t\t\t\t\t<div class=\"elementor-element elementor-element-fe47b66 elementor-widget elementor-widget-text-editor\" data-id=\"fe47b66\" data-element_type=\"widget\" data-widget_type=\"text-editor.default\">\n\t\t\t\t<div class=\"elementor-widget-container\">\n\t\t\t\t\t\t\t\t<div class=\"elementor-text-editor elementor-clearfix\">\n\t\t\t\t<p><strong>Willkommen!<\/strong><\/p><p>Wenn Sie auf dieser Website <i>mein-mathematiktest.de<\/i> gelandet sind, haben Sie wahrscheinlich vorher <strong><a href=\"http:\/\/mathe4job.de\">mathe4job<\/a><\/strong> besucht und dort einen Hinweis auf diese Seite gefunden, oder Sie haben von einer Lehrkraft einen Test des mathe-meister-Systems zur Bearbeitung bekommen.<\/p><p>Sollte beides nicht der Fall sein, besuchen Sie bitte erst einmal die Seite <strong><a href=\"http:\/\/mathe4job.de\">mathe4job<\/a><\/strong>, sehen sich dort um, und bearbeiten vielleicht einen der vielen dort angebotenen <em>berufsbezogenen Mathematik-Tests<\/em>.<\/p><p><strong>Warum berufsbezogene Mathematik-Tests?<\/strong><\/p><p>In jeder <em>beruflichen Ausbildung<\/em> brauchen Sie Mathematik: Verk\u00e4uferinnen und Verk\u00e4ufer, Anlagenmechanikerinnen und Anlagenmechaniker, B\u00e4ckerinnen und B\u00e4cker&#8230; alle brauchen in der Ausbildung <em>Mathematik<\/em>, aber es liegt auf der Hand, dass die mathematischen Anforderungen der verschiedenen Ausbildungsberufe verschieden sind. Das System <strong><a href=\"http:\/\/mathe4job.de\">mathe4job<\/a><\/strong> bietet Ihnen f\u00fcr insgesamt 60 Berufe passgenaue Tests an, und stellt Ihnen zus\u00e4tzlich nach der Bearbeitung des Tests f\u00fcr jeden Beruf speziell zusammengestellte Beispielaufgaben zur Verf\u00fcgung, die zeigen, dass man die abgetesteten F\u00e4higkeiten tats\u00e4chlich in der Ausbildung braucht.<\/p><p>&#8230; und wenn Sie nach Abschluss der Sekundarstufe 1 eine Fachoberschule oder ein berufliches Gymnasium besuchen wollen, brauchen Sie dort ebenfalls <em>Mathematik<\/em>&#8230;. und um dem Unterricht folgen zu k\u00f6nnen, brauchen Sie bestimmte Grundkenntnisse aus dem fr\u00fcheren Unterricht. Je nachdem, ob Sie eine Fachoberschule oder ein berufliches Gymnasium besuchen wollen, und welche Fachrichtung dieses hat (<em>Gesundheit und Soziales<\/em>, <em>Technik<\/em>, <em>Wirtschaft und Verwaltung<\/em>) unterscheiden sich die Voraussetzungen.<\/p><p><strong>Was ist mathe4job?<\/strong><\/p><p>Das System <strong><a href=\"http:\/\/mathe4job.de\">mathe4job<\/a><\/strong> bietet Ihnen f\u00fcr insgesamt 60 Berufe passgenaue Tests an, und stellt Ihnen zus\u00e4tzlich nach der Bearbeitung des Tests f\u00fcr jeden Beruf speziell zusammengestellte Beispielaufgaben zur Verf\u00fcgung, die zeigen, dass man die abgetesteten F\u00e4higkeiten tats\u00e4chlich in der Ausbildung braucht.<\/p>\t\t\t\t\t<\/div>\n\t\t\t\t\t\t<\/div>\n\t\t\t\t<\/div>\n\t\t\t\t\t\t<\/div>\n\t\t\t\t\t<\/div>\n\t\t<\/div>\n\t\t\t\t<div class=\"elementor-column elementor-col-50 elementor-inner-column elementor-element elementor-element-f2c3c32\" data-id=\"f2c3c32\" data-element_type=\"column\">\n\t\t\t<div class=\"elementor-column-wrap elementor-element-populated\">\n\t\t\t\t\t\t\t<div class=\"elementor-widget-wrap\">\n\t\t\t\t\t\t<div class=\"elementor-element elementor-element-b5a745f elementor-widget elementor-widget-text-editor\" data-id=\"b5a745f\" data-element_type=\"widget\" data-widget_type=\"text-editor.default\">\n\t\t\t\t<div class=\"elementor-widget-container\">\n\t\t\t\t\t\t\t\t<div class=\"elementor-text-editor elementor-clearfix\">\n\t\t\t\t<p>F\u00fcr Sch\u00fclerinnen und Sch\u00fcler, die nach der Sekundarstufe 1 auf eine Fachoberschule oder ein berufliches Gymnasium wechseln, bietet Ihnen <a href=\"http:\/\/mathe4job.de\">mathe4job<\/a> sechs Tests an, die auf die jeweils ben\u00f6tigten Grundkenntnisse abgestimmt sind.<\/p><p><strong>Was ist mathe-meistern?<\/strong><\/p><p>Wenn Sie auf diese Website von <a href=\"http:\/\/mathe4job.de\/\">mathe4job<\/a> aus gelangt sind, begegnen Sie dem System mathe-meistern nur indirekt. mathe-meistern ist ein Test-System, das Lehrkr\u00e4ften an Schulen zus\u00e4tzliche Test- und Auswertungsm\u00f6glichkeiten zu den in mathe4job angebotenen gibt.<\/p><p>Das Projekt <em>mathe-meistern<\/em> startete 2015 und wurde speziell f\u00fcr Schulen im beruflichen Bildungsbereich entwickelt. Die Tests wurden spezifisch f\u00fcr Ausbildungen hin zur Fachoberschulreife, Fachhochschulreife und Allgemeinen Hochschulreife entsprechend der Orientierungsbereiche Technik, Wirtschaft und Verwaltung sowie Gesundheit und Soziales zusammengestellt. Ein vierter Test bezieht sich auf die Bildungsg\u00e4nge, in denen der Hauptschulabschluss nachgeholt werden kann.<\/p><p>Die Tests werden nach den Kategorien (Arithmetik, Algebra, Bruchrechnung, &#8230; ) sowie Kompetenzen (Darstellungen verwenden, Mathematik anwenden, &#8230;) ausgewertet. Die Sch\u00fclerinnen und Sch\u00fcler bekommen eine blitzschnelle \u00dcbersicht \u00fcber ihre St\u00e4rken und Schw\u00e4chen. Lehrkr\u00e4fte k\u00f6nnen \u00fcber ein eigenes, nur f\u00fcr sie zug\u00e4nglichen <em>Auswertungstool<\/em>\u00a0Klassenprofile bez\u00fcglich des Abschneidens in den Kategorien und Kompetenzen einsehen und auch jede Sch\u00fclerleistung im Einzelnen nachverfolgen.<\/p><p>Nach erfolgter Diagnose k\u00f6nnen entsprechend den Orientierungsbereichen und der jeweiligen Anlage bildungsgangspezifische <em>F\u00f6rdermaterialien genutzt w<\/em>erden. Anschlie\u00dfend wird der Erfolg der F\u00f6rderphase durch einen Nachtest \u00fcberpr\u00fcft.<\/p><p>Insgesamt haben bisher \u00fcber 7000 Sch\u00fclerinnen und Sch\u00fcler an den Tests teilgenommen.<\/p>\t\t\t\t\t<\/div>\n\t\t\t\t\t\t<\/div>\n\t\t\t\t<\/div>\n\t\t\t\t\t\t<\/div>\n\t\t\t\t\t<\/div>\n\t\t<\/div>\n\t\t\t\t\t\t\t\t<\/div>\n\t\t\t\t\t<\/div>\n\t\t<\/section>\n\t\t\t\t\t\t<\/div>\n\t\t\t\t\t<\/div>\n\t\t<\/div>\n\t\t\t\t\t\t\t\t<\/div>\n\t\t\t\t\t<\/div>\n\t\t<\/section>\n\t\t\t\t\t\t\t\t\t<\/div>\n\t\t\t<\/div>\n\t\t\t\t\t<\/div>\n\t\t","protected":false},"excerpt":{"rendered":"<p>mathe-meistern und mathe4job Willkommen! Wenn Sie auf dieser Website mein-mathematiktest.de gelandet sind, haben Sie wahrscheinlich vorher mathe4job besucht und dort einen Hinweis auf diese Seite gefunden, oder Sie haben von einer Lehrkraft einen Test des mathe-meister-Systems zur Bearbeitung bekommen. Sollte beides nicht der Fall sein, besuchen Sie bitte erst einmal die Seite mathe4job, sehen sich [&hellip;]<\/p>\n","protected":false},"author":1,"featured_media":0,"parent":0,"menu_order":1,"comment_status":"closed","ping_status":"closed","template":"","meta":{"footnotes":""},"class_list":["post-2","page","type-page","status-publish","hentry","entry"],"_links":{"self":[{"href":"https:\/\/mein-mathematiktest.de\/index.php?rest_route=\/wp\/v2\/pages\/2","targetHints":{"allow":["GET"]}}],"collection":[{"href":"https:\/\/mein-mathematiktest.de\/index.php?rest_route=\/wp\/v2\/pages"}],"about":[{"href":"https:\/\/mein-mathematiktest.de\/index.php?rest_route=\/wp\/v2\/types\/page"}],"author":[{"embeddable":true,"href":"https:\/\/mein-mathematiktest.de\/index.php?rest_route=\/wp\/v2\/users\/1"}],"replies":[{"embeddable":true,"href":"https:\/\/mein-mathematiktest.de\/index.php?rest_route=%2Fwp%2Fv2%2Fcomments&post=2"}],"version-history":[{"count":37,"href":"https:\/\/mein-mathematiktest.de\/index.php?rest_route=\/wp\/v2\/pages\/2\/revisions"}],"predecessor-version":[{"id":427,"href":"https:\/\/mein-mathematiktest.de\/index.php?rest_route=\/wp\/v2\/pages\/2\/revisions\/427"}],"wp:attachment":[{"href":"https:\/\/mein-mathematiktest.de\/index.php?rest_route=%2Fwp%2Fv2%2Fmedia&parent=2"}],"curies":[{"name":"wp","href":"https:\/\/api.w.org\/{rel}","templated":true}]}}