{"id":6,"date":"2017-09-27T23:15:57","date_gmt":"2017-09-27T21:15:57","guid":{"rendered":"http:\/\/mein-mathematiktest.de\/?page_id=6"},"modified":"2019-08-19T07:57:09","modified_gmt":"2019-08-19T05:57:09","slug":"test","status":"publish","type":"page","link":"https:\/\/mein-mathematiktest.de\/?page_id=6","title":{"rendered":"Test"},"content":{"rendered":"\t\t<div data-elementor-type=\"wp-post\" data-elementor-id=\"6\" class=\"elementor elementor-6\">\n\t\t\t\t\t\t<div class=\"elementor-inner\">\n\t\t\t\t<div class=\"elementor-section-wrap\">\n\t\t\t\t\t\t\t\t\t<section class=\"elementor-section elementor-top-section elementor-element elementor-element-7695213 elementor-section-boxed elementor-section-height-default elementor-section-height-default\" data-id=\"7695213\" data-element_type=\"section\">\n\t\t\t\t\t\t<div class=\"elementor-container elementor-column-gap-default\">\n\t\t\t\t\t\t\t<div class=\"elementor-row\">\n\t\t\t\t\t<div class=\"elementor-column elementor-col-100 elementor-top-column elementor-element elementor-element-9436854\" data-id=\"9436854\" data-element_type=\"column\">\n\t\t\t<div class=\"elementor-column-wrap elementor-element-populated\">\n\t\t\t\t\t\t\t<div class=\"elementor-widget-wrap\">\n\t\t\t\t\t\t<div class=\"elementor-element elementor-element-ea30302 elementor-widget elementor-widget-spacer\" data-id=\"ea30302\" data-element_type=\"widget\" data-widget_type=\"spacer.default\">\n\t\t\t\t<div class=\"elementor-widget-container\">\n\t\t\t\t\t<div class=\"elementor-spacer\">\n\t\t\t<div class=\"elementor-spacer-inner\"><\/div>\n\t\t<\/div>\n\t\t\t\t<\/div>\n\t\t\t\t<\/div>\n\t\t\t\t\t\t<\/div>\n\t\t\t\t\t<\/div>\n\t\t<\/div>\n\t\t\t\t\t\t\t\t<\/div>\n\t\t\t\t\t<\/div>\n\t\t<\/section>\n\t\t\t\t<section class=\"elementor-section elementor-top-section elementor-element elementor-element-fd77de5 elementor-section-boxed elementor-section-height-default elementor-section-height-default\" data-id=\"fd77de5\" data-element_type=\"section\">\n\t\t\t\t\t\t<div class=\"elementor-container elementor-column-gap-default\">\n\t\t\t\t\t\t\t<div class=\"elementor-row\">\n\t\t\t\t\t<div class=\"elementor-column elementor-col-100 elementor-top-column elementor-element elementor-element-90e87b8\" data-id=\"90e87b8\" data-element_type=\"column\">\n\t\t\t<div class=\"elementor-column-wrap elementor-element-populated\">\n\t\t\t\t\t\t\t<div class=\"elementor-widget-wrap\">\n\t\t\t\t\t\t<div class=\"elementor-element elementor-element-f76586b elementor-widget elementor-widget-text-editor\" data-id=\"f76586b\" data-element_type=\"widget\" data-widget_type=\"text-editor.default\">\n\t\t\t\t<div class=\"elementor-widget-container\">\n\t\t\t\t\t\t\t\t<div class=\"elementor-text-editor elementor-clearfix\">\n\t\t\t\t<p>Im System <a href=\"http:\/\/mathe4job.de\" target=\"_blank\" rel=\"noopener\">mathe4job<\/a> finden Sie<\/p><ul><li><b>sechs Tests<\/b> f\u00fcr den Bereich <i>Fachoberschule <\/i>und <i>berufliches Gymnasium<\/i>, und dies jeweils mit den Auspr\u00e4gungen<i>Technik<\/i>, <i>Wirtschaft und Verwaltung<\/i> sowie <i>Gesundheit und Soziales<\/i>.<\/li><li><b>Derzeit 60 Tests<\/b> f\u00fcr Meisterberufe sowie Ausbildungsberufe, die insbesondere den Bereich der 20 beliebtesten M\u00e4dchen- und Jungenberufe abdecken.<\/li><\/ul><p>In den Tests werden mathematische <i>Grundkenntnisse<\/i> abgefragt, die Sie dringend ben\u00f6tigen, wenn Sie nach Abschluss der Sekundarstufe I erfolgreich am Unterricht in einer Schule mit beruflicher Fachrichtung (oder an einer Meisterausbildung) teilnehmen wollen.<\/p><p>Die differenzierte Auswertung der Tests nach Inhaltsbereichen sagt Ihnen mit einer &#8222;roten Ampel&#8220; schnell, wo Sie Defizite bald aufarbeiten sollten.<\/p>\t\t\t\t\t<\/div>\n\t\t\t\t\t\t<\/div>\n\t\t\t\t<\/div>\n\t\t\t\t\t\t<\/div>\n\t\t\t\t\t<\/div>\n\t\t<\/div>\n\t\t\t\t\t\t\t\t<\/div>\n\t\t\t\t\t<\/div>\n\t\t<\/section>\n\t\t\t\t<section class=\"elementor-section elementor-top-section elementor-element elementor-element-1a4d10a elementor-section-boxed elementor-section-height-default elementor-section-height-default\" data-id=\"1a4d10a\" data-element_type=\"section\">\n\t\t\t\t\t\t<div class=\"elementor-container elementor-column-gap-default\">\n\t\t\t\t\t\t\t<div class=\"elementor-row\">\n\t\t\t\t\t<div class=\"elementor-column elementor-col-100 elementor-top-column elementor-element elementor-element-a2be101\" data-id=\"a2be101\" data-element_type=\"column\">\n\t\t\t<div class=\"elementor-column-wrap elementor-element-populated\">\n\t\t\t\t\t\t\t<div class=\"elementor-widget-wrap\">\n\t\t\t\t\t\t<div class=\"elementor-element elementor-element-223f938 elementor-widget elementor-widget-text-editor\" data-id=\"223f938\" data-element_type=\"widget\" data-widget_type=\"text-editor.default\">\n\t\t\t\t<div class=\"elementor-widget-container\">\n\t\t\t\t\t\t\t\t<div class=\"elementor-text-editor elementor-clearfix\">\n\t\t\t\t<p>Die Aufgaben der Tests stammen aus den folgenden Inhaltsbereichen und sind jeweils auf die Anforderungen in den verschiedenen Ausbildungen zusammengestellt.<\/p>\t\t\t\t\t<\/div>\n\t\t\t\t\t\t<\/div>\n\t\t\t\t<\/div>\n\t\t\t\t<section class=\"elementor-section elementor-inner-section elementor-element elementor-element-5de8c7a elementor-section-boxed elementor-section-height-default elementor-section-height-default\" data-id=\"5de8c7a\" data-element_type=\"section\">\n\t\t\t\t\t\t<div class=\"elementor-container elementor-column-gap-default\">\n\t\t\t\t\t\t\t<div class=\"elementor-row\">\n\t\t\t\t\t<div class=\"elementor-column elementor-col-50 elementor-inner-column elementor-element elementor-element-7e48ed5\" data-id=\"7e48ed5\" data-element_type=\"column\">\n\t\t\t<div class=\"elementor-column-wrap elementor-element-populated\">\n\t\t\t\t\t\t\t<div class=\"elementor-widget-wrap\">\n\t\t\t\t\t\t<div class=\"elementor-element elementor-element-c8be40d elementor-widget elementor-widget-text-editor\" data-id=\"c8be40d\" data-element_type=\"widget\" data-widget_type=\"text-editor.default\">\n\t\t\t\t<div class=\"elementor-widget-container\">\n\t\t\t\t\t\t\t\t<div class=\"elementor-text-editor elementor-clearfix\">\n\t\t\t\t<p>Inhaltsbereiche:<\/p><ul><li>Bruchrechnung<\/li><li>Arithmetik<\/li><li>Algebra<\/li><li>Geometrie<\/li><li>Gleichungssysteme<\/li><li>Funktionen<\/li><li>Einheiten<\/li><li>Diagramme und Tabellen<\/li><li>Dreisatz und Prozentrechnung<\/li><\/ul>\t\t\t\t\t<\/div>\n\t\t\t\t\t\t<\/div>\n\t\t\t\t<\/div>\n\t\t\t\t\t\t<\/div>\n\t\t\t\t\t<\/div>\n\t\t<\/div>\n\t\t\t\t<div class=\"elementor-column elementor-col-50 elementor-inner-column elementor-element elementor-element-6a4d754\" data-id=\"6a4d754\" data-element_type=\"column\">\n\t\t\t<div class=\"elementor-column-wrap elementor-element-populated\">\n\t\t\t\t\t\t\t<div class=\"elementor-widget-wrap\">\n\t\t\t\t\t\t<div class=\"elementor-element elementor-element-40c9f72 elementor-widget elementor-widget-text-editor\" data-id=\"40c9f72\" data-element_type=\"widget\" data-widget_type=\"text-editor.default\">\n\t\t\t\t<div class=\"elementor-widget-container\">\n\t\t\t\t\t\t\t\t<div class=\"elementor-text-editor elementor-clearfix\">\n\t\t\t\t<p>Kompetenzen:<\/p><ul><li>Symbolisch \/ formal rechnen<\/li><li>Mathematik anwenden<\/li><li>Darstellungen verwenden<\/li><li>Probleme l\u00f6sen<\/li><\/ul>\t\t\t\t\t<\/div>\n\t\t\t\t\t\t<\/div>\n\t\t\t\t<\/div>\n\t\t\t\t\t\t<\/div>\n\t\t\t\t\t<\/div>\n\t\t<\/div>\n\t\t\t\t\t\t\t\t<\/div>\n\t\t\t\t\t<\/div>\n\t\t<\/section>\n\t\t\t\t\t\t<\/div>\n\t\t\t\t\t<\/div>\n\t\t<\/div>\n\t\t\t\t\t\t\t\t<\/div>\n\t\t\t\t\t<\/div>\n\t\t<\/section>\n\t\t\t\t<section class=\"elementor-section elementor-top-section elementor-element elementor-element-09d3426 elementor-section-boxed elementor-section-height-default elementor-section-height-default\" data-id=\"09d3426\" data-element_type=\"section\">\n\t\t\t\t\t\t<div class=\"elementor-container elementor-column-gap-default\">\n\t\t\t\t\t\t\t<div class=\"elementor-row\">\n\t\t\t\t\t<div class=\"elementor-column elementor-col-100 elementor-top-column elementor-element elementor-element-0f13a32\" data-id=\"0f13a32\" data-element_type=\"column\">\n\t\t\t<div class=\"elementor-column-wrap elementor-element-populated\">\n\t\t\t\t\t\t\t<div class=\"elementor-widget-wrap\">\n\t\t\t\t\t\t<div class=\"elementor-element elementor-element-ecb8185 elementor-widget elementor-widget-text-editor\" data-id=\"ecb8185\" data-element_type=\"widget\" data-widget_type=\"text-editor.default\">\n\t\t\t\t<div class=\"elementor-widget-container\">\n\t\t\t\t\t\t\t\t<div class=\"elementor-text-editor elementor-clearfix\">\n\t\t\t\t<p>Zur L\u00f6sung der Aufgaben mittels Stift und Papier haben Sie zwischen 3 und 10 Minuten Zeit. Versuchen Sie, ohne Taschenrechner auszukommen! Sie sind auch ohne ein solches Hilfsmittel l\u00f6sbar. Anschlie\u00dfend werden die Antwortm\u00f6glichkeiten f\u00fcr 20 Sekunden eingeblendet, um die errechnete L\u00f6sung wiederzufinden und auszuw\u00e4hlen. Je nach Fachrichtung und Beruf dauert ein Test zwischen 45 und 90 Minuten.<br \/>Jeder Fehler wird nach dem abgeschlossenem Test in der Einzelauswertung erl\u00e4utert.<\/p>\t\t\t\t\t<\/div>\n\t\t\t\t\t\t<\/div>\n\t\t\t\t<\/div>\n\t\t\t\t\t\t<\/div>\n\t\t\t\t\t<\/div>\n\t\t<\/div>\n\t\t\t\t\t\t\t\t<\/div>\n\t\t\t\t\t<\/div>\n\t\t<\/section>\n\t\t\t\t<section class=\"elementor-section elementor-top-section elementor-element elementor-element-ad64831 elementor-section-boxed elementor-section-height-default elementor-section-height-default\" data-id=\"ad64831\" data-element_type=\"section\">\n\t\t\t\t\t\t<div class=\"elementor-container elementor-column-gap-default\">\n\t\t\t\t\t\t\t<div class=\"elementor-row\">\n\t\t\t\t\t<div class=\"elementor-column elementor-col-100 elementor-top-column elementor-element elementor-element-ce502ec\" data-id=\"ce502ec\" data-element_type=\"column\">\n\t\t\t<div class=\"elementor-column-wrap elementor-element-populated\">\n\t\t\t\t\t\t\t<div class=\"elementor-widget-wrap\">\n\t\t\t\t\t\t<div class=\"elementor-element elementor-element-2f42b82 elementor-widget elementor-widget-text-editor\" data-id=\"2f42b82\" data-element_type=\"widget\" data-widget_type=\"text-editor.default\">\n\t\t\t\t<div class=\"elementor-widget-container\">\n\t\t\t\t\t\t\t\t<div class=\"elementor-text-editor elementor-clearfix\">\n\t\t\t\t<p>Eine ausf\u00fchrliche Beschreibung des Tests erhalten Sie in diesem\u00a0<strong><a href=\"http:\/\/wtm-verlag.de\/mathe_meistern_infovideo\/Aufgabenbildschirm.mp4\">Video<\/a><\/strong>.<\/p>\t\t\t\t\t<\/div>\n\t\t\t\t\t\t<\/div>\n\t\t\t\t<\/div>\n\t\t\t\t\t\t<\/div>\n\t\t\t\t\t<\/div>\n\t\t<\/div>\n\t\t\t\t\t\t\t\t<\/div>\n\t\t\t\t\t<\/div>\n\t\t<\/section>\n\t\t\t\t<section class=\"elementor-section elementor-top-section elementor-element elementor-element-f0e9db9 elementor-section-boxed elementor-section-height-default elementor-section-height-default\" data-id=\"f0e9db9\" data-element_type=\"section\">\n\t\t\t\t\t\t<div class=\"elementor-container elementor-column-gap-default\">\n\t\t\t\t\t\t\t<div class=\"elementor-row\">\n\t\t\t\t\t<div class=\"elementor-column elementor-col-100 elementor-top-column elementor-element elementor-element-79ef765\" data-id=\"79ef765\" data-element_type=\"column\">\n\t\t\t<div class=\"elementor-column-wrap elementor-element-populated\">\n\t\t\t\t\t\t\t<div class=\"elementor-widget-wrap\">\n\t\t\t\t\t\t<div class=\"elementor-element elementor-element-afbfbf5 elementor-widget elementor-widget-text-editor\" data-id=\"afbfbf5\" data-element_type=\"widget\" data-widget_type=\"text-editor.default\">\n\t\t\t\t<div class=\"elementor-widget-container\">\n\t\t\t\t\t\t\t\t<div class=\"elementor-text-editor elementor-clearfix\">\n\t\t\t\t<p>Sie k\u00f6nnen den Test jederzeit unterbrechen. Eine Erkl\u00e4rung dazu erhalten Sie in diesem <strong><a href=\"http:\/\/wtm-verlag.de\/mathe_meistern_infovideo\/Schwierigkeitsstufe.mp4\">Video<\/a><\/strong>.<\/p>\t\t\t\t\t<\/div>\n\t\t\t\t\t\t<\/div>\n\t\t\t\t<\/div>\n\t\t\t\t\t\t<\/div>\n\t\t\t\t\t<\/div>\n\t\t<\/div>\n\t\t\t\t\t\t\t\t<\/div>\n\t\t\t\t\t<\/div>\n\t\t<\/section>\n\t\t\t\t<section class=\"elementor-section elementor-top-section elementor-element elementor-element-4182abe elementor-section-boxed elementor-section-height-default elementor-section-height-default\" data-id=\"4182abe\" data-element_type=\"section\">\n\t\t\t\t\t\t<div class=\"elementor-container elementor-column-gap-default\">\n\t\t\t\t\t\t\t<div class=\"elementor-row\">\n\t\t\t\t\t<div class=\"elementor-column elementor-col-100 elementor-top-column elementor-element elementor-element-dfc5a7d\" data-id=\"dfc5a7d\" data-element_type=\"column\">\n\t\t\t<div class=\"elementor-column-wrap elementor-element-populated\">\n\t\t\t\t\t\t\t<div class=\"elementor-widget-wrap\">\n\t\t\t\t\t\t<div class=\"elementor-element elementor-element-30b138d elementor-widget elementor-widget-text-editor\" data-id=\"30b138d\" data-element_type=\"widget\" data-widget_type=\"text-editor.default\">\n\t\t\t\t<div class=\"elementor-widget-container\">\n\t\t\t\t\t\t\t\t<div class=\"elementor-text-editor elementor-clearfix\">\n\t\t\t\t<p>Hier gelangen Sie zum\u00a0<strong><a href=\"https:\/\/test.mathe-meister.de\/\" target=\"_blank\" rel=\"noopener\">mathe-meistern Test<\/a>.<\/strong><\/p>\t\t\t\t\t<\/div>\n\t\t\t\t\t\t<\/div>\n\t\t\t\t<\/div>\n\t\t\t\t\t\t<\/div>\n\t\t\t\t\t<\/div>\n\t\t<\/div>\n\t\t\t\t\t\t\t\t<\/div>\n\t\t\t\t\t<\/div>\n\t\t<\/section>\n\t\t\t\t\t\t\t\t\t<\/div>\n\t\t\t<\/div>\n\t\t\t\t\t<\/div>\n\t\t","protected":false},"excerpt":{"rendered":"<p>Im System mathe4job finden Sie sechs Tests f\u00fcr den Bereich Fachoberschule und berufliches Gymnasium, und dies jeweils mit den Auspr\u00e4gungenTechnik, Wirtschaft und Verwaltung sowie Gesundheit und Soziales. Derzeit 60 Tests f\u00fcr Meisterberufe sowie Ausbildungsberufe, die insbesondere den Bereich der 20 beliebtesten M\u00e4dchen- und Jungenberufe abdecken. In den Tests werden mathematische Grundkenntnisse abgefragt, die Sie dringend [&hellip;]<\/p>\n","protected":false},"author":2,"featured_media":0,"parent":0,"menu_order":3,"comment_status":"closed","ping_status":"closed","template":"","meta":{"footnotes":""},"class_list":["post-6","page","type-page","status-publish","hentry","entry"],"_links":{"self":[{"href":"https:\/\/mein-mathematiktest.de\/index.php?rest_route=\/wp\/v2\/pages\/6","targetHints":{"allow":["GET"]}}],"collection":[{"href":"https:\/\/mein-mathematiktest.de\/index.php?rest_route=\/wp\/v2\/pages"}],"about":[{"href":"https:\/\/mein-mathematiktest.de\/index.php?rest_route=\/wp\/v2\/types\/page"}],"author":[{"embeddable":true,"href":"https:\/\/mein-mathematiktest.de\/index.php?rest_route=\/wp\/v2\/users\/2"}],"replies":[{"embeddable":true,"href":"https:\/\/mein-mathematiktest.de\/index.php?rest_route=%2Fwp%2Fv2%2Fcomments&post=6"}],"version-history":[{"count":34,"href":"https:\/\/mein-mathematiktest.de\/index.php?rest_route=\/wp\/v2\/pages\/6\/revisions"}],"predecessor-version":[{"id":326,"href":"https:\/\/mein-mathematiktest.de\/index.php?rest_route=\/wp\/v2\/pages\/6\/revisions\/326"}],"wp:attachment":[{"href":"https:\/\/mein-mathematiktest.de\/index.php?rest_route=%2Fwp%2Fv2%2Fmedia&parent=6"}],"curies":[{"name":"wp","href":"https:\/\/api.w.org\/{rel}","templated":true}]}}